= 39 - 28. Let r(a) = a**2 + a + 13. Let h be r(0). Let s = h - 9. Calculate the remainder when l is divided by s.
3
Suppose 4*j = -4*t + 268, -2 = j - 1. What is the remainder when t is divided by 23?
22
Let h(j) = -j - 2. Let o(v) = 1. Let s(u) = -h(u) - o(u). Let y = -1 + 4. What is the remainder when s(y) is divided by 3?
1
Suppose -8*j + 273 = -183. Calculate the remainder when j is divided by 15.
12
Let j = -37 + 52. Calculate the remainder when 132 is divided by j.
12
Calculate the remainder when 23 + 4/(-6)*3 is divided by 11.
10
Suppose 15 + 5 = -5*w. Let z = -2 - w. Suppose 7 = z*i - i. Calculate the remainder when i is divided by 3.
1
Let x = 22 - 19. Calculate the remainder when 9 is divided by x.
0
Let r(p) = -2*p + 22. What is the remainder when 22 is divided by r(8)?
4
Suppose 22*a = 27*a - 130. Calculate the remainder when 50 is divided by a.
24
Let x be (1 - -11)/4 + -18. Let k(l) = -2*l - 22. What is the remainder when 30 is divided by k(x)?
6
Suppose -42 = -702*p + 695*p. Let d(o) = -o**2 + o + 9. What is the remainder when d(0) is divided by p?
3
Let j be 94/(-2)*(0 - 1). Let c = -29 + j. Calculate the remainder when 35 is divided by c.
17
Suppose -3*j - 19 = -v - 79, v = 5*j - 100. Suppose -4*w + 22 + 2 = -2*z, 4*w + z - 30 = 0. What is the remainder when j is divided by w?
6
Let i = -8 - -29. Let b = 64 - i. Calculate the remainder when b is divided by 15.
13
Let f(i) = 2*i**2 + 14*i + 9. Calculate the remainder when 40 is divided by f(-7).
4
Suppose 172 = 4*i - 2*b, -i - 5*b = i - 74. Calculate the remainder when i is divided by 22.
20
Suppose 14*m - 420 = -140. What is the remainder when 37 is divided by m?
17
Suppose -2*f + 25 = 3*f. Suppose 2*x - f*x + 9 = 0. Suppose -3 = a + p, 2*a = x*p + 8 + 11. What is the remainder when 2 is divided by a?
0
Let i = 13 - 6. What is the remainder when (-847)/i*1/(-1) is divided by 31?
28
Suppose 5*k = 3*o - 225, -2*o - 3*k + 8 = -123. Calculate the remainder when o is divided by 18.
16
Let z(l) = -l**3 - 3*l**2 + 5*l + 2. Let r be z(-4). Let a = r - -11. What is the remainder when 25 is divided by a?
7
Suppose 0*w + 72 = 2*w. What is the remainder when 143 is divided by w?
35
Let q be (6/7)/((-6)/(-1344)). Suppose -q = -4*r - 3*m - m, 0 = 4*m - 20. Suppose -r = -3*f - 7. Calculate the remainder when 35 is divided by f.
11
Let i(z) = 1 - z + 0*z - 6*z. Let a be (-6)/(-4)*(-2)/3. What is the remainder when 22 is divided by i(a)?
6
Suppose -5*h + 30 + 39 = 4*p, 3*h - 35 = -4*p. What is the remainder when h is divided by 6?
5
Suppose 0 = y - 3, 5*y - 18 = o + y. Let w = o + 10. Suppose -53 = -3*p - 3*v + 34, -3*p + 86 = w*v. Calculate the remainder when p is divided by 16.
14
Let r(m) = 13*m - 20. Calculate the remainder when r(6) is divided by 12.
10
Let t be ((-12)/15)/((-4)/170). Let n = t + -15. Calculate the remainder when 36 is divided by n.
17
Let c = -1 - 1. Let h be -4 - c*(-2)/4. Let a = h + 10. Calculate the remainder when 14 is divided by a.
4
Suppose 0 = -6*h + 216 + 174. Suppose -5*a - 34 = -4. Let s = h + a. Calculate the remainder when s is divided by 20.
19
Suppose 0 = -156*c + 151*c + 140. Calculate the remainder when 105 is divided by c.
21
Let i(o) = 3*o + 1 - 7 - o - 1. Let n(t) = -2*t - 2. What is the remainder when n(-7) is divided by i(7)?
5
Suppose -f + 0*f = 0. Let n(c) = c + 14. What is the remainder when n(f) is divided by 39/26*(-16)/(-3)?
6
Let n = -97 + 144. What is the remainder when n is divided by 16?
15
Suppose -2*s + 33 = s. Calculate the remainder when 54 is divided by s.
10
Let m(y) = y**2 - y + 7. Let g be (-6)/2 - (-10 - -4). Suppose j - g*c - 14 = 2*c, 77 = 4*j + c. Calculate the remainder when m(-5) is divided by j.
18
Suppose -i = 5*p - 250 + 79, 5*p = -4*i + 174. Calculate the remainder when 98 is divided by p.
30
Calculate the remainder when 861/77 + (-4)/22 is divided by 7.
4
Suppose 4*s = -16, 5*u + 10*s = 5*s - 30. Let z be 6/u + -5 + 7. Let p = z + 15. Calculate the remainder when p is divided by 5.
4
Let o(q) = -q + 13. Let b(j) = -j**2 + 7*j - 5. Let v be b(5). Suppose 2*r = -1 + v. What is the remainder when o(8) is divided by r?
1
Let h(l) = 8*l + 4. Let g(b) = b**3 - 11*b**2 - 12*b + 6. Let d be g(12). Calculate the remainder when h(d) is divided by 18.
16
Let a = 70 - 47. Calculate the remainder when a is divided by 8.
7
Suppose c - 7 = 22. Suppose -4*y + c + 59 = 0. Suppose 16 = 2*u + 3*t + 1, -4*t - 48 = -3*u. Calculate the remainder when y is divided by u.
10
Let c(o) = 21*o**3 + o. What is the remainder when c(1) is divided by 12?
10
Let n(y) be the third derivative of y**5/20 - 3*y**2. Let q be n(1). Suppose -z + 53 = 2*b, 30 + 36 = q*b - 3*z. What is the remainder when b is divided by 9?
7
Let c(a) = a**3 + 6*a**2 + 2*a + 1. Suppose -97 = -3*s + 4*h + 44, -4*h = -2*s + 94. Calculate the remainder when s is divided by c(-4).
22
Suppose 2*h - 15 = w + 8, 3*h = 5*w + 52. Let k(s) = 7*s**3 + s**2 + s - 1. Let n be k(-2). What is the remainder when 546/22 - 10/n is divided by h?
7
Let d = 16 - 5. Calculate the remainder when 65 is divided by d.
10
Let a = 57 + -18. Suppose 5*l + a = -2*g + 4*g, 82 = 5*g + 3*l. Calculate the remainder when 32 is divided by g.
15
Let v = 14 + -6. Suppose b + 0*b = v. Calculate the remainder when 22 is divided by b.
6
Let o = -14 - -27. Let d = o - 30. Let h = 2 - d. Calculate the remainder when h is divided by 10.
9
Let p(b) = -b**3 + 4*b**2 + 7*b - 2. Let g be p(5). Suppose 3*a = 4*w + g, 3*a = 3*w - 3 + 12. Calculate the remainder when w is divided by 1.
0
Let b(s) = 3*s**2 - s. Suppose -3*r + 17 = i, 4*r = -5*i + 12 + 18. What is the remainder when (-2)/(-4) + 74/4 is divided by b(i)?
9
Let f(m) = 2*m**2 - 2*m - 3. Calculate the remainder when 15 is divided by f(-2).
6
Suppose 7*i - 4*i = 3*f + 15, 5*f = -i - 19. Let l(g) = -3*g + 3. What is the remainder when 25 is divided by l(f)?
10
Let w = -3 - -7. Let t(q) = q**2 + q - 4. Let u be t(w). Suppose u = -o + 3*o. What is the remainder when 14 is divided by o?
6
Suppose 161 = 5*a - 0*a + 2*m, -5*m - 76 = -2*a. Calculate the remainder when a is divided by 17.
16
Let m be -8*(-2 + 1) - 2. Suppose -4*k = -3*k + m. What is the remainder when (-160)/k - (-2)/(-3) is divided by 14?
12
Let n(l) = -l**2 + 10*l + 5. Let r = 17 + -8. What is the remainder when 41 is divided by n(r)?
13
Suppose 0*f + 120 = 5*f. Suppose 2*b - f - 22 = 0. What is the remainder when 91 is divided by b?
22
Let h = 60 - 11. Suppose -2*s + h = -s. Calculate the remainder when s is divided by 17.
15
Let b = -46 + 61. Let p(x) = -x**3 - x**2 + x + 2. What is the remainder when b is divided by p(-2)?
3
Let r(f) = 15*f - 3. Let m be r(2). Let t(x) = 2*x**3 - 3*x**2 + 5*x - 6. Let v be t(2). Suppose j + v = m. What is the remainder when 35 is divided by j?
16
Suppose -f - 2*v = -0*v - 29, 0 = -f - v + 27. Calculate the remainder when 72 is divided by f.
22
Let b(y) = y + 3. Let c be b(0). Suppose 2*u - c - 7 = 0. Calculate the remainder when u is divided by 3.
2
Suppose -3*d = n - 24, -27 - 29 = -3*n - d. Suppose 0*p + 3*p - n = 0. Calculate the remainder when 22 is divided by p.
4
Calculate the remainder when 1 - ((-40 - 4) + 4) is divided by 7.
6
Let i(f) = f - 2. Let l = 37 - 26. Calculate the remainder when 17 is divided by i(l).
8
Let x = 41 - 5. Suppose 0*q + 65 = 5*q. Calculate the remainder when x is divided by q.
10
What is the remainder when 23 is divided by 2/16*-2*-52?
10
Let a(l) = 0 - 5 + 3*l + 7. Suppose 3*b = -5*p + 56, 5*p + 11 = 4*b - 87. Calculate the remainder when b is divided by a(2).
6
Suppose -2*a + 9 = a. Suppose -6*m + a*m = -6, 0 = 3*h + 3*m - 21. What is the remainder when h is divided by 2?
1
Let h(n) = 3*n**2 - 10*n - 9. Suppose -5*j = t + 19, -4*t + 0*t - 5*j - 16 = 0. Calculate the remainder when h(5) is divided by (t/(-2))/(3/(-54)).
7
Let w be 4/6 - (-4)/(-6). Let i = 12 + -7. Suppose w*p - 45 = -i*p. Calculate the remainder when 16 is divided by p.
7
Let s = 21 - 5. Let c = s - 10. Calculate the remainder when 9 is divided by c.
3
Suppose 2*h = 4*l - h - 27, -5*h + 33 = 2*l. What is the remainder when 34 is divided by l?
7
Suppose -3*s - 3*q = s - 45, -q - 6 = -s. Suppose 5*j = 4*y - 0*y - 95, 2*j + 23 = y. What is the remainder when y is divided